actors of 548586189?
3, 59, 191, 601
What are the prime factors of 35839190?
2, 5, 3583919
What are the prime factors of 1215889562?
2, 20947, 29023
List the prime factors of 140339590.
2, 5, 17, 825527
What are the prime factors of 761477892?
2, 3, 7, 73, 124181
What are the prime factors of 1326398709?
3, 442132903
List the prime factors of 352787878.
2, 137, 179, 7193
What are the prime factors of 340002073?
59, 103, 55949
List the prime factors of 231805915.
5, 11, 4214653
What are the prime factors of 19361998?
2, 23, 337, 1249
List the prime factors of 58669347.
3, 11, 1777859
List the prime factors of 2051858788.
2, 7, 73280671
List the prime factors of 337098458.
2, 173, 974273
What are the prime factors of 2374708?
2, 7, 84811
What are the prime factors of 56611084?
2, 31, 79, 5779
List the prime factors of 356817685.
5, 7, 10194791
What are the prime factors of 37097416?
2, 1231, 3767
List the prime factors of 227955519.
3, 11, 767527
List the prime factors of 128323165.
5, 157, 163469
List the prime factors of 575342825.
5, 53, 434221
What are the prime factors of 1037220369?
3, 751, 460373
List the prime factors of 2376386223.
3, 47, 257, 65579
What are the prime factors of 1604711473?
547, 2933659
What are the prime factors of 1442433430?
2, 5, 727, 198409
List the prime factors of 1052934791.
113, 383, 24329
What are the prime factors of 830211907?
7, 109, 1088089
List the prime factors of 104551722.
2, 3, 11, 41, 53
List the prime factors of 3716279163.
3, 31, 547, 8117
What are the prime factors of 920161226?
2, 293, 1570241
What are the prime factors of 98978210?
2, 5, 107, 92503
List the prime factors of 452337037.
17, 709, 37529
What are the prime factors of 342023215?
5, 1039, 65837
List the prime factors of 482908496.
2, 7, 41, 103, 1021
List the prime factors of 5972869426.
2, 2986434713
List the prime factors of 1755898993.
31, 149, 380147
What are the prime factors of 182547462?
2, 3, 17, 1789681
List the prime factors of 511999445.
5, 3119, 32831
List the prime factors of 23110136.
2, 7, 409, 1009
List the prime factors of 7320732.
2, 3, 61, 73, 137
What are the prime factors of 75315853?
6301, 11953
What are the prime factors of 1317461435?
5, 673, 391519
List the prime factors of 262128669.
3, 11, 7943293
List the prime factors of 171842973.
3, 19, 3014789
What are the prime factors of 5137770802?
2, 31, 1693, 48947
List the prime factors of 331571306.
2, 11, 331, 45533
List the prime factors of 90931825.
5, 3637273
What are the prime factors of 39483203?
23, 1716661
What are the prime factors of 87941970?
2, 3, 5, 37, 8803
What are the prime factors of 705286?
2, 43, 59, 139
List the prime factors of 39022002.
2, 3, 2167889
List the prime factors of 15961529.
47, 229, 1483
What are the prime factors of 4257284679?
3, 473031631
What are the prime factors of 635691008?
2, 73, 1063
List the prime factors of 119618490.
2, 3, 5, 19, 209857
List the prime factors of 6722143650.
2, 3, 5, 97, 154001
List the prime factors of 38807918.
2, 19, 1021261
What are the prime factors of 294335736?
2, 3, 61, 201049
What are the prime factors of 792050482?
2, 3907, 101363
List the prime factors of 1811666585.
5, 6451, 56167
List the prime factors of 97040150.
2, 5, 151, 12853
What are the prime factors of 21657406?
2, 31, 349313
What are the prime factors of 159004835?
5, 11, 2890997
List the prime factors of 660356761.
19, 31, 239, 4691
What are the prime factors of 39764838?
2, 3, 23, 107, 2693
List the prime factors of 64123631.
11, 13, 41, 10937
List the prime factors of 4529348905.
5, 29, 31236889
List the prime factors of 63508995.
3, 5, 11, 42767
List the prime factors of 122170928.
2, 11, 373, 1861
List the prime factors of 48986954.
2, 107, 228911
List the prime factors of 4975713589.
7, 11, 64619657
List the prime factors of 12682857.
3, 11, 34939
List the prime factors of 46510470.
2, 3, 5, 17, 10133
List the prime factors of 87054667.
7, 12436381
List the prime factors of 11952012.
2, 3, 996001
List the prime factors of 598207062.
2, 3, 31, 83, 38749
What are the prime factors of 978399115?
5, 195679823
What are the prime factors of 374831396?
2, 113, 829273
What are the prime factors of 337562658?
2, 3, 31, 73, 8287
List the prime factors of 123470691.
3, 683, 60259
What are the prime factors of 63089242?
2, 41, 79, 9739
What are the prime factors of 2944853709?
3, 7, 331, 461, 919
List the prime factors of 4547412908.
2, 31817, 35731
What are the prime factors of 237976382?
2, 7, 41, 59, 7027
List the prime factors of 713427258.
2, 3, 4153, 28631
What are the prime factors of 116157960?
2, 3, 5, 229, 1409
List the prime factors of 5235276136.
2, 10457, 62581
List the prime factors of 1542445108.
2, 83, 4645919
What are the prime factors of 37113425?
5, 1484537
List the prime factors of 3001746328.
2, 7, 67, 107, 7477
List the prime factors of 90493697.
7, 12927671
What are the prime factors of 549976404?
2, 3, 3037, 15091
What are the prime factors of 522694616?
2, 71, 263, 3499
List the prime factors of 45926748.
2, 3, 7, 31, 5879
What are the prime factors of 37322280?
2, 3, 5, 43, 2411
What are the prime factors of 1279222588?
2, 7, 971, 47051
List the prime factors of 785867371.
727, 1080973
List the prime factors of 20593374.
2, 3, 3432229
List the prime factors of 18286992.
2, 3, 42331
List the prime factors of 131270603.
131270603
List the prime factors of 29123057.
17, 1713121
List the prime factors of 381679051.
13, 43, 682789
What are the prime factors of 1047887108?
2, 261971777
List the prime factors of 421377251.
421377251
List the prime factors of 68346055.
5, 13669211
List the prime factors of 16320779.
43, 383, 991
What are the prime factors of 64251545?
5, 83, 154823
What are the prime factors of 117301773?
3, 53, 737747
List the prime factors of 37354343.
13, 331, 8681
List the prime factors of 34865359.
31, 37, 113, 269
What are the prime factors of 4061425294?
2, 19, 1097, 97429
What are the prime factors of 2773073491?
139, 571, 34939
What are the prime factors of 144491164?
2, 36122791
What are the prime factors of 110579747?
17, 41, 59, 2689
What are the prime factors of 6274458?
2, 3, 53, 6577
What are the prime factors of 193629205?
5, 7, 11, 379, 1327
What are the prime factors of 65104757?
197, 563, 587
List the prime factors of 1856126650.
2, 5, 7, 877, 6047
What are the prime factors of 552520689?
3, 7, 17, 1547677
List the prime factors of 165610303.
61, 353, 7691
List the prime factors of 6742568.
2, 7, 19, 6337
List the prime factors of 3583538745.
3, 5, 5801, 41183
What are the prime factors of 5021939330?
2, 5, 37, 13572809
What are the prime factors of 1129042346?
2, 37, 15257329
What are the prime factors of 2519415988?
2, 37, 17023081
What are the prime factors of 3020006360?
2, 5, 7, 31, 113, 3079
List the prime factors of 233537554.
2, 116768777
What are the prime factors of 90488210?
2, 5, 23, 397, 991
List the prime factors of 125427035.
5, 25085407
List the prime factors of 9037807314.
2, 3, 1506301219
What are the prime factors of 2046158746?
2, 61, 487, 34439
List the prime factors of 3078588.
2, 3, 151, 1699
List the prime factors of 4566833053.
25219, 181087
What are the prime factors of 34640103?
3, 37, 312073
What are the prime factors of 116959460?
2, 5, 229, 25537
What are the prime factors of 254883892?
2, 409, 155797
List the prime factors of 43636386.
2, 3, 443, 16417
List the prime factors of 1030093444.
2, 17, 127, 181, 659
What are the prime factors of 7838620?
2, 5, 337, 1163
What are the prime factors of 853284161?
12619, 67619
List the prime factors of 18586912.
2, 29, 20029
What are the prime factors of 162011202?
2, 3, 521, 51827
What are the prime factors of 47755243?
47, 1016069
What are the prime factors of 561976366?
2, 7, 40141169
List the prime factors of 296814997.
103, 2881699
What are the prime factors of 1263372421?
1263372421
What are the prime factors of 246435672?
2, 3, 7, 17, 86287
What are the prime factors of 72967436?
2, 1559, 11701
What are the prime factors of 1694325919?
11, 13, 11848433
List the prime factors of 62757874.
2, 19, 1093, 1511
List the prime factors of 27142886.
2, 503, 26981
List the prime factors of 23899611.
3, 1031, 7